 -2 (base 16) to base 7.
-2
What is 19 (base 14) in base 6?
35
What is 10 (base 10) in base 7?
13
31 (base 5) to base 9
17
12 (base 10) to base 13
c
What is 12 (base 13) in base 4?
33
Convert 265 (base 10) to base 15.
12a
What is -31 (base 12) in base 14?
-29
-6 (base 16) to base 12
-6
What is 2 (base 9) in base 13?
2
Convert 14 (base 16) to base 8.
24
1 (base 11) to base 3
1
What is -2211 (base 3) in base 10?
-76
What is 8 (base 15) in base 11?
8
What is 7 (base 14) in base 7?
10
What is -12 (base 5) in base 2?
-111
What is -330 (base 6) in base 8?
-176
1010111 (base 2) to base 13
69
Convert -155 (base 10) to base 8.
-233
-3 (base 6) to base 11
-3
12112 (base 3) to base 7
302
What is -3f (base 16) in base 14?
-47
-3 (base 15) to base 3
-10
-23 (base 4) to base 9
-12
Convert 210 (base 3) to base 11.
1a
0 (base 5) to base 6
0
5b (base 13) to base 9
84
Convert 1 (base 10) to base 5.
1
-23 (base 15) to base 10
-33
What is 166 (base 16) in base 14?
1b8
What is -4 (base 12) in base 4?
-10
Convert -106 (base 12) to base 7.
-303
What is -421 (base 5) in base 4?
-1233
Convert 13 (base 13) to base 12.
14
Convert 1 (base 8) to base 3.
1
What is -3 (base 5) in base 13?
-3
257 (base 12) to base 6
1351
Convert -45 (base 15) to base 9.
-72
-19 (base 10) to base 16
-13
Convert 73 (base 10) to base 2.
1001001
Convert 83 (base 16) to base 6.
335
Convert 0 (base 2) to base 5.
0
What is -1 (base 4) in base 16?
-1
Convert -18 (base 11) to base 16.
-13
111011 (base 2) to base 16
3b
3 (base 13) to base 10
3
What is -a0 (base 16) in base 10?
-160
-7b (base 12) to base 8
-137
What is 10 (base 7) in base 12?
7
Convert -50 (base 16) to base 15.
-55
What is 102 (base 5) in base 11?
25
Convert 0 (base 7) to base 11.
0
Convert -2c (base 14) to base 5.
-130
Convert 45 (base 8) to base 7.
52
-10 (base 9) to base 5
-14
Convert 29 (base 13) to base 6.
55
What is -7 (base 13) in base 16?
-7
Convert -2 (base 7) to base 6.
-2
-15 (base 10) to base 8
-17
1110 (base 5) to base 10
155
-3 (base 7) to base 16
-3
Convert -30 (base 11) to base 14.
-25
What is a (base 11) in base 15?
a
What is -21 (base 3) in base 10?
-7
Convert -12220 (base 3) to base 14.
-b5
-421 (base 5) to base 10
-111
What is -36 (base 10) in base 11?
-33
Convert -161 (base 7) to base 9.
-112
-14 (base 12) to base 9
-17
What is -242 (base 8) in base 5?
-1122
-43 (base 15) to base 2
-111111
What is 0 (base 6) in base 2?
0
Convert -5 (base 6) to base 9.
-5
Convert -3 (base 9) to base 13.
-3
What is 23 (base 16) in base 9?
38
What is 25 (base 6) in base 10?
17
What is -68 (base 9) in base 10?
-62
Convert 7 (base 12) to base 10.
7
Convert -8 (base 12) to base 5.
-13
2b0 (base 12) to base 16
1a4
Convert 103 (base 11) to base 9.
147
What is -9 (base 16) in base 4?
-21
Convert -1 (base 7) to base 15.
-1
12 (base 6) to base 16
8
Convert 11 (base 2) to base 14.
3
Convert 4 (base 6) to base 14.
4
What is -cd (base 16) in base 8?
-315
What is 32 (base 8) in base 11?
24
-665 (base 7) to base 11
-290
-3 (base 7) to base 10
-3
Convert 200 (base 3) to base 5.
33
-b (base 13) to base 3
-102
-111 (base 3) to base 14
-d
What is 0 (base 3) in base 10?
0
113 (base 6) to base 13
36
101011 (base 2) to base 14
31
Convert 28 (base 11) to base 4.
132
4 (base 13) to base 4
10
Convert -62 (base 10) to base 9.
-68
Convert -b (base 12) to base 14.
-b
What is -c (base 13) in base 10?
-12
What is 0 (base 4) in base 14?
0
What is -246 (base 10) in base 8?
-366
What is -3 (base 16) in base 14?
-3
What is 33 (base 15) in base 2?
110000
-5 (base 12) to base 16
-5
106 (base 7) to base 5
210
3 (base 16) to base 7
3
4e (base 15) to base 12
62
Convert -22 (base 8) to base 13.
-15
What is 13 (base 6) in base 11?
9
4 (base 8) to base 3
11
What is 7c (base 14) in base 13?
86
What is -43 (base 16) in base 8?
-103
Convert 11 (base 12) to base 16.
d
-101 (base 3) to base 4
-22
0 (base 7) to base 16
0
What is -411 (base 5) in base 4?
-1222
What is 11 (base 16) in base 9?
18
Convert -49 (base 14) to base 15.
-45
Convert -7 (base 11) to base 13.
-7
8 (base 15) to base 14
8
What is -3 (base 5) in base 7?
-3
511 (base 7) to base 6
1101
104 (base 7) to base 2
110101
Convert -124 (base 12) to base 9.
-211
Convert -12 (base 13) to base 7.
-21
What is -20 (base 9) in base 12?
-16
What is -3 (base 10) in base 8?
-3
Convert -100 (base 3) to base 5.
-14
What is 10 (base 9) in base 2?
1001
What is 1 (base 12) in base 3?
1
-13 (base 7) to base 16
-a
-5 (base 12) to base 11
-5
Convert 2 (base 16) to base 9.
2
What is -28 (base 16) in base 3?
-1111
Convert 235 (base 6) to base 7.
164
-1111110 (base 2) to base 14
-90
What is b (base 13) in base 6?
15
-161 (base 14) to base 15
-13b
Convert -3a (base 16) to base 14.
-42
What is a3 (base 14) in base 15?
98
Convert 45 (base 10) to base 4.
231
12 (base 5) to base 16
7
Convert 119 (base 12) to base 10.
165
Convert 304 (base 5) to base 6.
211
Convert 2 (base 5) to base 8.
2
Convert 184 (base 11) to base 14.
113
Convert -11133 (base 4) to base 16.
-15f
Convert 0 (base 6) to base 13.
0
20 (base 3) to base 14
6
-13 (base 8) to base 11
-10
What is -2 (base 11) in base 3?
-2
2 (base 11) to base 2
10
68 (base 15) to base 4
1202
Convert -1a4 (base 13) to base 5.
-2203
Convert -100110 (base 2) to base 13.
-2c
a (base 16) to base 7
13
16 (base 16) to base 2
10110
-a (base 12) to base 13
-a
132 (base 5) to base 7
60
-6 (base 16) to base 6
-10
Convert -30 (base 4) to base 5.
-22
Convert -200 (base 3) to base 4.
-102
What is -12100 (base 3) in base 6?
-400
What is -2 (base 3) in base 9?
-2
What is 0 (base 13) in base 2?
0
Convert 1 (base 12) to base 16.
1
Convert -27 (base 9) to base 10.
-25
What is -2 (base 15) in base 5?
-2
-425 (base 7) to base 2
-11010111
Convert 3 (base 15) to base 7.
3
Convert 4 (base 15) to base 7.
4
3 (base 5) to base 4
3
Convert 29 (base 14) to base 5.
122
What is -10 (base 5) in base 14?
-5
-13 (base 4) to base 13
-7
What is -43 (base 15) in base 2?
-111111
-2 (base 4) to base 9
-2
What is 3 (base 12) in base 5?
3
What is 7 (base 13) in base 8?
7
-3 (base 13) to base 2
-11
-1 (base 11) to base 4
-1
Convert 14 (base 15) to base 5.
34
-2 (base 12) to base 2
-10
3 (base 15) to base 2
11
-20 (base 5) to base 12
-a
What is 51 (base 10) in base 13?
3c
Convert 1000 (base 2) to base 10.
8
What is -8 (base 15) in base 14?
-8
100 (base 5) to base 14
1b
Convert 69 (base 16) to base 5.
410
-2 (base 12) to base 13
-2
Convert 1 (base 3) to base 5.
1
Convert -101 (base 2) to base 4.
-11
-a (base 11) to base 12
-a
What is -8a (base 16) in base 9?
-163
What is -310 (base 11) in base 15?
-19e
6 (base 16) to base 4
12
-1b (base 13) to base 10
-24
What is -36 (base 8) in base 4?
-132
-4 (base 14) to base 15
-4
-24 (base 7) to base 10
-18
Convert -31 (base 10) to base 5.
-111
-3 (base 14) to base 4
-3
-2 (base 15) to base 14
-2
What is -1000 (base 2) in base 3?
-22
What is 2 (base 15) in base 5?
2
What is 1 (base 8) in base 9?
1
345 (base 7) to base 14
cc
Convert 14 (base 16) to base 3.
202
Convert -1 (base 7) to base 12.
-1
201 (base 3) to base 11
18
323 (base 6) to base 9
146
What is 26 (base 12) in base 9?
33
Convert -34 (base 13) to base 5.
-133
Convert -2 (base 9) to base 10.
-2
-1 (base 8) to base 6
-1
Convert 203 (base 8) to base 10.
131
2 (base 12) to base 13
2
11 (base 2) to base 5
3
-50 (base 13) to base 4
-1001
What is 5 (base 10) in base 2?
101
What is d (base 15) in base 13?
10
Convert -a (base 14) to base 5.
-20
30 (base 6) to base 15
13
3 (base 15) to base 3
10
10 (base 2) to base 4
2
2 (base 15) to base 5
2
-12 (base 10) to base 16
-c
Convert 49 (base 11) to base 5.
203
0 (base 10) to base 15
0
What is -2 (base 13) in base 16?
-2
4 (base 6) to base 7
4
What is -20 (base 6) in base 13?
-c
0 (base 9) to base 12
0
What is 7 (base 9) in base 11?
7
40 (base 6) to base 5
44
-1 (base 9) to base 7
-1
Convert -9 (base 10) to base 2.
-1001
Convert 254 (base 6) to base 12.
8a
What is -31 (base 14) in base 15?
-2d
Convert 5 (base 8) to base 4.
11
1 (base 15) to base 16
1
52 (base 13) to base 16
43
Convert -302 (base 5) to base 14.
-57
Convert -3031 (base 4) to base 9.
-247
Convert 3 (base 4) to base 12.
3
What is -2 (base 15) in base 11?
-2
What is 20 (base 3) in base 4?
12
What is -22 (base 15) in base 3?
-1012
Convert -54 (base